{"id":175,"date":"2023-08-26T14:14:55","date_gmt":"2023-08-26T14:14:55","guid":{"rendered":"https:\/\/mamaepaleopratica.com\/?page_id=175"},"modified":"2023-08-26T14:14:55","modified_gmt":"2023-08-26T14:14:55","slug":"comece-por-aqui","status":"publish","type":"page","link":"https:\/\/mamaepaleopratica.com\/?page_id=175","title":{"rendered":"Comece por aqui"},"content":{"rendered":"\n<p>Esse site foi pensado para voc\u00ea que gosta de aprofundar um pouco mais o assunto ou de ouvir uma opini\u00e3o contr\u00e1ria ao conte\u00fado que as redes sociais mostram.<\/p>\n\n\n\n<p>Aqui \u00e9 o local onde colocarei as minhas receitas, onde contarei algumas hist\u00f3rias, onde pretendo deixar gravadas as minhas observa\u00e7\u00f5es cl\u00ednicas e pessoais, onde eventualmente apresentarei algum artigo novo tentando mostrar para voc\u00eas o que podemos realmente colocar em pr\u00e1tica nas nossas vidas.<\/p>\n\n\n\n<p>Ser\u00e1 uma esp\u00e9cie de di\u00e1rio compartilhado, para sentir que esse tempo todo de estudo traga alguma melhoria para a sua vida tamb\u00e9m, o que sempre foi o meu objetivo desde que decidi ser m\u00e9dica.<\/p>\n\n\n\n<p>A minha dedica\u00e7\u00e3o maior ser\u00e1 por aqui, pois percebi que preciso de um afastamento das redes sociais de conte\u00fado r\u00e1pido.<\/p>\n\n\n\n<p>Comece ent\u00e3o lendo um pouco da minha hist\u00f3ria na p\u00e1gina <a href=\"https:\/\/mamaepaleopratica.com\/?page_id=19\">Eu<\/a> .<\/p>\n\n\n\n<p>Antes de ir para as receitas, recomendo entender um pouco por tr\u00e1s do estilo de vida que defendo, na p\u00e1gina <a href=\"https:\/\/mamaepaleopratica.com\/?page_id=166\">Estilo de vida paleo<\/a>.<\/p>\n\n\n\n<p>As receitas ser\u00e3o separadas por categorias, basta acessar na aba RECEITAS e escolher a categoria, ou olhar todas.<\/p>\n\n\n\n<p>A maioria dos pratos que aparecer\u00e3o aqui s\u00e3o simples de fazer, muitas vezes apenas fa\u00e7o troca de ingredientes para uma vers\u00e3o melhor metabolizada pelo corpo.<\/p>\n\n\n\n<p>O objetivo \u00e9 mostrar que podemos mudar o nosso olhar com rela\u00e7\u00e3o ao alimento.<\/p>\n\n\n\n<p>Na aba Roda de Conversa trago temas que gosto de conversar com os meus pacientes ou com os interessados em entender melhor sobre as escolhas que fazemos para a nossa vida. <\/p>\n\n\n\n<p>Voc\u00ea pode deixar mensagens ou mandar e-mail, responderei assim que for poss\u00edvel.<\/p>\n\n\n\n<p>Lembrando que esse site n\u00e3o substitui uma consulta especializada.<\/p>\n\n\n\n<p>Sempre bom saber que est\u00e1 por aqui!<\/p>\n\n\n\n<p>Um abra\u00e7o.<\/p>\n","protected":false},"excerpt":{"rendered":"<p>Esse site foi pensado para voc\u00ea que gosta de aprofundar um pouco mais o assunto ou de ouvir uma opini\u00e3o contr\u00e1ria ao conte\u00fado que as redes sociais mostram. Aqui \u00e9 o local onde colocarei as minhas receitas, onde contarei algumas hist\u00f3rias, onde pretendo deixar gravadas as minhas observa\u00e7\u00f5es cl\u00ednicas e pessoais, onde eventualmente apresentarei algum &hellip; <\/p>\n","protected":false},"author":1,"featured_media":0,"parent":0,"menu_order":0,"comment_status":"closed","ping_status":"closed","template":"","meta":{"footnotes":""},"_links":{"self":[{"href":"https:\/\/mamaepaleopratica.com\/index.php?rest_route=\/wp\/v2\/pages\/175"}],"collection":[{"href":"https:\/\/mamaepaleopratica.com\/index.php?rest_route=\/wp\/v2\/pages"}],"about":[{"href":"https:\/\/mamaepaleopratica.com\/index.php?rest_route=\/wp\/v2\/types\/page"}],"author":[{"embeddable":true,"href":"https:\/\/mamaepaleopratica.com\/index.php?rest_route=\/wp\/v2\/users\/1"}],"replies":[{"embeddable":true,"href":"https:\/\/mamaepaleopratica.com\/index.php?rest_route=%2Fwp%2Fv2%2Fcomments&post=175"}],"version-history":[{"count":1,"href":"https:\/\/mamaepaleopratica.com\/index.php?rest_route=\/wp\/v2\/pages\/175\/revisions"}],"predecessor-version":[{"id":176,"href":"https:\/\/mamaepaleopratica.com\/index.php?rest_route=\/wp\/v2\/pages\/175\/revisions\/176"}],"wp:attachment":[{"href":"https:\/\/mamaepaleopratica.com\/index.php?rest_route=%2Fwp%2Fv2%2Fmedia&parent=175"}],"curies":[{"name":"wp","href":"https:\/\/api.w.org\/{rel}","templated":true}]}}